 a be k(-7). Suppose 2*v = 8 - a. What is the units digit of v?
3
Let a be (-408)/(-66) - 2/11. Let l(c) = c**2 - 2*c. What is the units digit of l(a)?
4
Let c = 10 - -5. Let n be -15*3/c*-4. Suppose -4*y = -y - n. What is the units digit of y?
4
Let r be 2/((-4)/(-10)) + -1. Suppose -64 = -0*g + r*g. Let h = -11 - g. What is the units digit of h?
5
Let t(j) = j. Let s be t(2). Let q be 2 - (-2 + 0)*-1. Suppose 4*v - s*n - 26 = 0, 5*n - n - 20 = q. What is the units digit of v?
9
Suppose -3*g + g + 14 = 0. Suppose -27 + g = -2*n. What is the units digit of n?
0
Suppose 2*a + 4*o = 24, -a - 12 = -6*o + 2*o. What is the units digit of a - (-2)/8*-4?
3
Let q = 249 - 84. What is the hundreds digit of q?
1
Suppose 3*m - 3*v - 29 = 37, 3*m - v = 58. What is the tens digit of m?
1
Let b = -2 - -1. Let u = b + 2. What is the units digit of u?
1
Suppose 3*j + 0*g - 168 = -2*g, -5*j + 4*g + 258 = 0. What is the units digit of j?
4
Let a(u) = u**2 + 10*u + 15. What is the tens digit of a(-10)?
1
Suppose 75 = 5*j + 25. Suppose -j - 10 = 4*p, -5*p + 1 = s. What is the units digit of s?
6
Suppose 5*u + 11 = -2*t + 4*u, 0 = -3*t - 2*u - 19. Let i(p) = -p + 1 + 2 - 2. What is the units digit of i(t)?
4
Suppose 5*a - 10 = 10. Let s(c) = -3*c**2 + 5*c - 2. Let r(h) = h**2. Let t(k) = -r(k) - s(k). What is the tens digit of t(a)?
1
Suppose 2*i - u - 18 = 0, -5*u + 0*u + 31 = i. Let q(y) = y**3 - 11*y**2 + y - 2. What is the units digit of q(i)?
9
Suppose -v + 114 = 2*v. What is the units digit of v?
8
Suppose 275 = 5*a + 75. What is the tens digit of a?
4
Let b(p) = 14*p**2 - 2*p - 1. What is the tens digit of b(-1)?
1
Let c = -1 + 4. Suppose -4*d = -c*r + 25, 4*d + 16 = 4*r + 3*d. What is the units digit of ((-2)/r)/(3/(-27))?
6
Let o(q) = 2*q**2 - 15*q + 6. What is the units digit of o(11)?
3
Let p(j) = 2*j**3 + 4*j**2 - 2*j + 2. What is the units digit of p(-2)?
6
Let m = 8 - 10. What is the units digit of -3 - 1/(m/36)?
5
Suppose 5*f - 85 = 55. What is the tens digit of f/(4 - 0 - 3)?
2
Let h(z) = -z**2 + 22*z + 13. What is the units digit of h(20)?
3
Let t(s) = -s**3 + 4*s**2 + 11*s + 5. Let x(u) = u**3 - 5*u**2 - 10*u - 4. Let h(q) = -2*t(q) - 3*x(q). Suppose w = 4*w - 24. What is the units digit of h(w)?
2
Suppose -5*a - h = -44, -4*a + 6*h + 40 = 2*h. Let c = -1 + a. What is the tens digit of ((-4)/(-2))/(c/44)?
1
Let l(n) = n - 1. Let x(v) = -v**3 + 8*v**2 + 11*v - 12. Suppose -2 = b + m - 16, -5*b + m + 40 = 0. Let u be x(b). What is the units digit of l(u)?
5
Suppose 4*l - 4 = 2*l. Suppose 2*q + 5 = -w, 5 = 5*w - l*w + 2*q. Suppose -5*h = 5*m + 18 - 78, 12 = 3*m - w*h. What is the units digit of m?
9
Let b(i) = -i. Let z(w) be the second derivative of -w**3/3 + w**2 - 2*w. Let x(l) = 5*b(l) - z(l). What is the units digit of x(-5)?
3
Let g be -1*3*52/6. Let w = -9 - g. Suppose -5*l + 26 = -0*l + 4*f, -2*l + 5*f + w = 0. What is the units digit of l?
6
Let l = 9 + -10. Let x(m) = -6*m. Let t be x(l). Suppose -d = -t*d + 25. What is the units digit of d?
5
Suppose -6*t - 17 = -7*t. What is the units digit of t?
7
Suppose c + 2*c = 15. What is the units digit of (-60)/c*(-6)/8?
9
Let i(h) = h**3 + 7*h**2 + 3*h. What is the units digit of i(-3)?
7
Let o be -1 - 1 - (-17 - -9). Suppose 15 = 9*k - o*k. What is the units digit of k?
5
Let s(f) = 17*f - 67. What is the tens digit of s(22)?
0
Let i = -108 - -62. Let r = -14 - i. What is the tens digit of r?
3
Let b(s) = -s**3 + 10*s**2 + 11*s + 4. Let k be b(11). Suppose k*c = 6*c - 4. What is the units digit of c?
2
Let l be 4/10 + (-43)/(-5). Let a = l + 16. What is the units digit of (-1)/3 + a/3?
8
Let z be (-1)/(-3)*0 - 8. Let k = 13 + z. Let p = -2 + k. What is the units digit of p?
3
Suppose 2*o + 11 = 1. Let k = 10 + o. What is the tens digit of (-5)/1*(-12)/k?
1
Suppose -7*z + 2*z + 35 = 0. Suppose 0 = l - z + 1. Suppose -3*p - p = 3*g - l, 0 = p. What is the units digit of g?
2
Suppose 199 - 77 = 2*w. What is the units digit of w?
1
Suppose 3*n + 6*g = 3*g - 24, -5*n - 4*g - 37 = 0. Let x = 1 - n. What is the units digit of x?
6
Let c(w) = -7*w**2 + 9*w - 10. Let p(k) = 6*k**2 - 8*k + 9. Let o(t) = 5*c(t) + 6*p(t). What is the units digit of o(3)?
4
Let a(p) = p**2 + 14 - 8 + p + 16. What is the units digit of a(0)?
2
Suppose 0 = -8*b - 5 + 61. What is the units digit of b?
7
Let d(x) = x + 12. Let j be d(-6). Suppose -2*a = 3*b - 26 - 28, -a + 2*b = -34. What is the units digit of (-1)/j - (-245)/a?
8
Let k = -2 + -22. Let m be 2 + -1 + k/4. What is the units digit of (m + 2)*4/(-6)?
2
Let t = -8 - -13. Suppose -19*o + 21*o = 6. Suppose 0 = 5*m - o*a - 16, -12 = -t*m - 0*m + a. What is the units digit of m?
2
Let q(n) = n**3 - n**2 + 2*n - 1. Let b be q(1). Let j be ((-1)/3)/(b/(-6)). Suppose -j*t + 54 = 3*t + 2*l, 24 = 3*t + 4*l. What is the tens digit of t?
1
Suppose 3*y - 4*y = -3. Suppose u - 5 = -m, 0 = 2*m + 2*u + y*u - 10. Let c(d) = d**2 - 4*d + 2. What is the units digit of c(m)?
7
Let g(a) = -9*a + 6*a + 5*a + 5*a**2 - a**3 + 5. What is the tens digit of g(4)?
2
Let o(l) = l**2 - 2*l - 1. Let b be o(-1). Suppose 3*n - 349 = -4*a, -b*a - 428 = -7*a - n. Suppose -4*z + 9*z - a = 0. What is the units digit of z?
7
Let p be (11/4)/((-7)/(-28)). Suppose 4*w + 3*v = p - 0, -w - 3 = -5*v. What is the units digit of w?
2
Let h(i) be the first derivative of -i**3/6 + 3*i**2/2 + i + 3. Let n(r) be the first derivative of h(r). What is the units digit of n(-5)?
8
Suppose 0 = -17*i + 15*i - 30. What is the tens digit of i/(-25)*(18 - -2)?
1
Suppose 0 = 3*y - 15, -7*d + 2*d = -2*y - 115. What is the tens digit of d?
2
Suppose 0 = b + 4*u - 167 - 63, 3*b = 3*u + 720. What is the tens digit of b?
3
Suppose 15 = -a + 4*a. Suppose -5*d - 4*r = -136, -d - a*r + r + 24 = 0. What is the units digit of d?
8
Let h(o) = 4*o + o + 2*o - 5 - o**2 + 8. Suppose 0 = w + w - 14. What is the units digit of h(w)?
3
Suppose 4*x + 0*x = 252. Let j = x + -44. What is the tens digit of j?
1
What is the units digit of 2/(-11) - (-783)/11?
1
Suppose 0 = 4*t + 53 + 15. Let w = t - -29. What is the units digit of 2 - ((-2)/1 - w)?
6
Let b(z) be the second derivative of 2*z + 3*z**2 + 0 - 1/6*z**3. What is the tens digit of b(-7)?
1
Let h be 2 - 4 - 0/(-2). Let d = -5 - h. Let b(q) = -q**3 - 3*q**2 - 5*q - 4. What is the tens digit of b(d)?
1
Let r be 2/(-3) + 68/12. Suppose -5*n - r = -30. What is the units digit of n?
5
Suppose -332 = 5*b - 1932. What is the tens digit of b?
2
Suppose i - 5 + 0 = 0. Suppose 4*v - 14 = 3*b + 9, -25 = -5*v + i*b. What is the units digit of v?
8
Let h(w) = w**2 + w + 1. Let y(u) = -5*u**2 - 3*u - 8. Let d(p) = -6*h(p) - y(p). What is the units digit of d(-3)?
2
Suppose -39 = 4*i - 7*i + 3*w, 5*i - 3*w = 67. What is the units digit of i?
4
Suppose 5*v + 12 + 23 = 0. Let j(p) = -p**2 - 8*p + 8. What is the units digit of j(v)?
5
Suppose -u + 50 = 4*u. Let w = 19 - u. What is the units digit of w?
9
Let z(d) = -d**2 - d + 4. Let w be z(3). Let q = w - -13. Let f = 6 + q. What is the units digit of f?
1
Let q = 61 + -20. What is the tens digit of q?
4
Let y(m) = -m**2 + 2*m + 83. What is the tens digit of y(0)?
8
Let m = -44 - -179. Suppose -m = z - 4*z. Suppose 0 = -j + 4*j - z. What is the units digit of j?
5
Suppose 2*d + 5*k - 216 = 0, 4*d + 2*k - 150 - 266 = 0. What is the hundreds digit of d?
1
What is the units digit of (564/(-16))/((-33)/24 + 1)?
4
Let d(w) = -43 + 2*w + 64 - w. What is the units digit of d(0)?
1
Let j = -81 + 290. What is the tens digit of j?
0
What is the units digit of 4/((8/164)/1)?
2
Let f(r) = 3*r**3 - 4*r**2 + 9*r - 6. Let p(y) = y**3 + y**2 + y. Let b(q) = f(q) - 2*p(q). What is the tens digit of b(6)?
3
Suppose 2*q - 44 = 4*q. Let x = -15 - q. What is the units digit of x?
7
Let n(u) be the second derivative of 47*u**3/6 - u. What is the tens digit of n(1)?
4
What is the tens digit of (-9)/6 - (-117)/6?
1
Let x(b) = -2*b**2 + 1. Let w be x(1). What is the units digit of w/(-4) + 117/12?
0
Suppose -r + 80 = 4*v + 3*r, -2*r = 4*v - 82. What is the tens digit of v?
2
What is the units digit of -1*((-3 - 7) + 3)?
7
Let o(r) = r**2 - 5*r - 7. Let i be o(5). Let x = i - 2. What is the units digit of (-31)/(-2) + x/(-6)?
7
Suppose o + 2 - 4 = 0, 4*d - 2*o - 184 = 0. Su